{"id":3244,"date":"2022-08-26T16:12:39","date_gmt":"2022-08-26T20:12:39","guid":{"rendered":"https:\/\/pm-consulting.cl\/inicio\/?page_id=3244"},"modified":"2022-08-26T17:30:21","modified_gmt":"2022-08-26T21:30:21","slug":"emg-ep","status":"publish","type":"page","link":"https:\/\/pm-consulting.cl\/inicio\/emg-ep\/","title":{"rendered":"EMG\/EP"},"content":{"rendered":"\t\t<div data-elementor-type=\"wp-page\" data-elementor-id=\"3244\" class=\"elementor elementor-3244\">\n\t\t\t\t\t\t<section class=\"elementor-section elementor-top-section elementor-element elementor-element-e05186f elementor-section-boxed elementor-section-height-default elementor-section-height-default wpr-particle-no wpr-jarallax-no wpr-parallax-no wpr-sticky-section-no wpr-equal-height-no\" data-id=\"e05186f\" data-element_type=\"section\" data-e-type=\"section\">\n\t\t\t\t\t\t<div class=\"elementor-container elementor-column-gap-default\">\n\t\t\t\t\t<div class=\"elementor-column elementor-col-100 elementor-top-column elementor-element elementor-element-4d04974\" data-id=\"4d04974\" data-element_type=\"column\" data-e-type=\"column\">\n\t\t\t<div class=\"elementor-widget-wrap elementor-element-populated\">\n\t\t\t\t\t\t<div class=\"elementor-element elementor-element-56a738f elementor-widget elementor-widget-heading\" data-id=\"56a738f\" data-element_type=\"widget\" data-e-type=\"widget\" data-widget_type=\"heading.default\">\n\t\t\t\t<div class=\"elementor-widget-container\">\n\t\t\t\t\t<h2 class=\"elementor-heading-title elementor-size-default\">ELECTROMIOGRAFO Y POTENCIALES EVOCADOS<\/h2>\t\t\t\t<\/div>\n\t\t\t\t<\/div>\n\t\t\t\t\t<\/div>\n\t\t<\/div>\n\t\t\t\t\t<\/div>\n\t\t<\/section>\n\t\t\t\t<section class=\"elementor-section elementor-top-section elementor-element elementor-element-326cc6d elementor-section-boxed elementor-section-height-default elementor-section-height-default wpr-particle-no wpr-jarallax-no wpr-parallax-no wpr-sticky-section-no wpr-equal-height-no\" data-id=\"326cc6d\" data-element_type=\"section\" data-e-type=\"section\">\n\t\t\t\t\t\t<div class=\"elementor-container elementor-column-gap-default\">\n\t\t\t\t\t<div class=\"elementor-column elementor-col-100 elementor-top-column elementor-element elementor-element-fd5e94a\" data-id=\"fd5e94a\" data-element_type=\"column\" data-e-type=\"column\">\n\t\t\t<div class=\"elementor-widget-wrap elementor-element-populated\">\n\t\t\t\t\t\t<div class=\"elementor-element elementor-element-7eb0033 elementor-widget elementor-widget-spacer\" data-id=\"7eb0033\" data-element_type=\"widget\" data-e-type=\"widget\" data-widget_type=\"spacer.default\">\n\t\t\t\t<div class=\"elementor-widget-container\">\n\t\t\t\t\t\t\t<div class=\"elementor-spacer\">\n\t\t\t<div class=\"elementor-spacer-inner\"><\/div>\n\t\t<\/div>\n\t\t\t\t\t\t<\/div>\n\t\t\t\t<\/div>\n\t\t\t\t\t<\/div>\n\t\t<\/div>\n\t\t\t\t\t<\/div>\n\t\t<\/section>\n\t\t\t\t<section class=\"elementor-section elementor-top-section elementor-element elementor-element-7cc68cc elementor-section-boxed elementor-section-height-default elementor-section-height-default wpr-particle-no wpr-jarallax-no wpr-parallax-no wpr-sticky-section-no wpr-equal-height-no\" data-id=\"7cc68cc\" data-element_type=\"section\" data-e-type=\"section\">\n\t\t\t\t\t\t<div class=\"elementor-container elementor-column-gap-default\">\n\t\t\t\t\t<div class=\"elementor-column elementor-col-50 elementor-top-column elementor-element elementor-element-5d30360\" data-id=\"5d30360\" data-element_type=\"column\" data-e-type=\"column\">\n\t\t\t<div class=\"elementor-widget-wrap elementor-element-populated\">\n\t\t\t\t\t\t<div class=\"elementor-element elementor-element-3375d94 elementor-hidden-desktop elementor-hidden-tablet elementor-widget elementor-widget-heading\" data-id=\"3375d94\" data-element_type=\"widget\" data-e-type=\"widget\" data-widget_type=\"heading.default\">\n\t\t\t\t<div class=\"elementor-widget-container\">\n\t\t\t\t\t<h2 class=\"elementor-heading-title elementor-size-default\">SURPASS LT EMG\/EP<\/h2>\t\t\t\t<\/div>\n\t\t\t\t<\/div>\n\t\t\t\t<div class=\"elementor-element elementor-element-16c1fe9 elementor-widget elementor-widget-image\" data-id=\"16c1fe9\" data-element_type=\"widget\" data-e-type=\"widget\" data-widget_type=\"image.default\">\n\t\t\t\t<div class=\"elementor-widget-container\">\n\t\t\t\t\t\t\t\t\t\t\t\t\t\t\t<img decoding=\"async\" width=\"188\" height=\"250\" src=\"https:\/\/i0.wp.com\/pm-consulting.cl\/wp-content\/uploads\/2022\/08\/SURPASS-LT-EMG.jpg?fit=188%2C250&amp;ssl=1\" class=\"attachment-large size-large wp-image-3253\" alt=\"\" \/>\t\t\t\t\t\t\t\t\t\t\t\t\t\t\t<\/div>\n\t\t\t\t<\/div>\n\t\t\t\t<div class=\"elementor-element elementor-element-15400e9 elementor-align-center elementor-widget elementor-widget-button\" data-id=\"15400e9\" data-element_type=\"widget\" data-e-type=\"widget\" data-widget_type=\"button.default\">\n\t\t\t\t<div class=\"elementor-widget-container\">\n\t\t\t\t\t\t\t\t\t<div class=\"elementor-button-wrapper\">\n\t\t\t\t\t<a class=\"elementor-button elementor-button-link elementor-size-sm\" href=\"https:\/\/pm-consulting.cl\/inicio\/surpass-lt-emg\/\">\n\t\t\t\t\t\t<span class=\"elementor-button-content-wrapper\">\n\t\t\t\t\t\t<span class=\"elementor-button-icon\">\n\t\t\t\t<i aria-hidden=\"true\" class=\"far fa-arrow-alt-circle-right\"><\/i>\t\t\t<\/span>\n\t\t\t\t\t\t\t\t\t<span class=\"elementor-button-text\">Ver equipo<\/span>\n\t\t\t\t\t<\/span>\n\t\t\t\t\t<\/a>\n\t\t\t\t<\/div>\n\t\t\t\t\t\t\t\t<\/div>\n\t\t\t\t<\/div>\n\t\t\t\t\t<\/div>\n\t\t<\/div>\n\t\t\t\t<div class=\"elementor-column elementor-col-50 elementor-top-column elementor-element elementor-element-00393e9\" data-id=\"00393e9\" data-element_type=\"column\" data-e-type=\"column\">\n\t\t\t<div class=\"elementor-widget-wrap elementor-element-populated\">\n\t\t\t\t\t\t<div class=\"elementor-element elementor-element-8d58a71 elementor-hidden-mobile elementor-widget elementor-widget-heading\" data-id=\"8d58a71\" data-element_type=\"widget\" data-e-type=\"widget\" data-widget_type=\"heading.default\">\n\t\t\t\t<div class=\"elementor-widget-container\">\n\t\t\t\t\t<h2 class=\"elementor-heading-title elementor-size-default\">SURPASS LT EMG\/EP<\/h2>\t\t\t\t<\/div>\n\t\t\t\t<\/div>\n\t\t\t\t<div class=\"elementor-element elementor-element-2c07f92 elementor-widget elementor-widget-text-editor\" data-id=\"2c07f92\" data-element_type=\"widget\" data-e-type=\"widget\" data-widget_type=\"text-editor.default\">\n\t\t\t\t<div class=\"elementor-widget-container\">\n\t\t\t\t\t\t\t\t\t<p>El Surpass LT es una estaci\u00f3n de trabajo EMG\/EP\/EEG de 2 a 4 canales completa y f\u00e1cil de usar para uso cl\u00ednico. Todos los estimuladores est\u00e1n integrados en el amplificador. La filosof\u00eda de dise\u00f1o modular garantiza flexibilidad y oportunidades de actualizaci\u00f3n con un conjunto completo de opciones de software y hardware. La sencilla conexi\u00f3n USB para alimentaci\u00f3n y datos hace que el sistema sea \u00f3ptimo para su uso como estaci\u00f3n de trabajo neurofisiol\u00f3gica port\u00e1til. Nuestro exclusivo m\u00e9todo de promedio ordenado por calidad proporciona pruebas m\u00e1s r\u00e1pidas y ahorra tiempo de registro.<\/p>\t\t\t\t\t\t\t\t<\/div>\n\t\t\t\t<\/div>\n\t\t\t\t\t<\/div>\n\t\t<\/div>\n\t\t\t\t\t<\/div>\n\t\t<\/section>\n\t\t\t\t<section class=\"elementor-section elementor-top-section elementor-element elementor-element-8071b2e elementor-section-boxed elementor-section-height-default elementor-section-height-default wpr-particle-no wpr-jarallax-no wpr-parallax-no wpr-sticky-section-no wpr-equal-height-no\" data-id=\"8071b2e\" data-element_type=\"section\" data-e-type=\"section\">\n\t\t\t\t\t\t<div class=\"elementor-container elementor-column-gap-default\">\n\t\t\t\t\t<div class=\"elementor-column elementor-col-100 elementor-top-column elementor-element elementor-element-fb352d7\" data-id=\"fb352d7\" data-element_type=\"column\" data-e-type=\"column\">\n\t\t\t<div class=\"elementor-widget-wrap elementor-element-populated\">\n\t\t\t\t\t\t<div class=\"elementor-element elementor-element-c8ca7d2 elementor-widget elementor-widget-spacer\" data-id=\"c8ca7d2\" data-element_type=\"widget\" data-e-type=\"widget\" data-widget_type=\"spacer.default\">\n\t\t\t\t<div class=\"elementor-widget-container\">\n\t\t\t\t\t\t\t<div class=\"elementor-spacer\">\n\t\t\t<div class=\"elementor-spacer-inner\"><\/div>\n\t\t<\/div>\n\t\t\t\t\t\t<\/div>\n\t\t\t\t<\/div>\n\t\t\t\t\t<\/div>\n\t\t<\/div>\n\t\t\t\t\t<\/div>\n\t\t<\/section>\n\t\t\t\t<section class=\"elementor-section elementor-top-section elementor-element elementor-element-ffc14da elementor-section-boxed elementor-section-height-default elementor-section-height-default wpr-particle-no wpr-jarallax-no wpr-parallax-no wpr-sticky-section-no wpr-equal-height-no\" data-id=\"ffc14da\" data-element_type=\"section\" data-e-type=\"section\">\n\t\t\t\t\t\t<div class=\"elementor-container elementor-column-gap-default\">\n\t\t\t\t\t<div class=\"elementor-column elementor-col-50 elementor-top-column elementor-element elementor-element-5323585\" data-id=\"5323585\" data-element_type=\"column\" data-e-type=\"column\">\n\t\t\t<div class=\"elementor-widget-wrap elementor-element-populated\">\n\t\t\t\t\t\t<div class=\"elementor-element elementor-element-bfea4e2 elementor-hidden-desktop elementor-hidden-tablet elementor-widget elementor-widget-heading\" data-id=\"bfea4e2\" data-element_type=\"widget\" data-e-type=\"widget\" data-widget_type=\"heading.default\">\n\t\t\t\t<div class=\"elementor-widget-container\">\n\t\t\t\t\t<h2 class=\"elementor-heading-title elementor-size-default\">SURPASS EMG\/EP\/IO<\/h2>\t\t\t\t<\/div>\n\t\t\t\t<\/div>\n\t\t\t\t<div class=\"elementor-element elementor-element-9d90d4e elementor-widget elementor-widget-image\" data-id=\"9d90d4e\" data-element_type=\"widget\" data-e-type=\"widget\" data-widget_type=\"image.default\">\n\t\t\t\t<div class=\"elementor-widget-container\">\n\t\t\t\t\t\t\t\t\t\t\t\t\t\t\t<img decoding=\"async\" width=\"177\" height=\"250\" src=\"https:\/\/i0.wp.com\/pm-consulting.cl\/wp-content\/uploads\/2022\/08\/SURPASS-EMG-EP-IOM.png?fit=177%2C250&amp;ssl=1\" class=\"attachment-large size-large wp-image-3267\" alt=\"\" \/>\t\t\t\t\t\t\t\t\t\t\t\t\t\t\t<\/div>\n\t\t\t\t<\/div>\n\t\t\t\t<div class=\"elementor-element elementor-element-e1679f8 elementor-align-center elementor-widget elementor-widget-button\" data-id=\"e1679f8\" data-element_type=\"widget\" data-e-type=\"widget\" data-widget_type=\"button.default\">\n\t\t\t\t<div class=\"elementor-widget-container\">\n\t\t\t\t\t\t\t\t\t<div class=\"elementor-button-wrapper\">\n\t\t\t\t\t<a class=\"elementor-button elementor-button-link elementor-size-sm\" href=\"https:\/\/pm-consulting.cl\/inicio\/surpass-emg-2\/\">\n\t\t\t\t\t\t<span class=\"elementor-button-content-wrapper\">\n\t\t\t\t\t\t<span class=\"elementor-button-icon\">\n\t\t\t\t<i aria-hidden=\"true\" class=\"far fa-arrow-alt-circle-right\"><\/i>\t\t\t<\/span>\n\t\t\t\t\t\t\t\t\t<span class=\"elementor-button-text\">Ver equipo<\/span>\n\t\t\t\t\t<\/span>\n\t\t\t\t\t<\/a>\n\t\t\t\t<\/div>\n\t\t\t\t\t\t\t\t<\/div>\n\t\t\t\t<\/div>\n\t\t\t\t\t<\/div>\n\t\t<\/div>\n\t\t\t\t<div class=\"elementor-column elementor-col-50 elementor-top-column elementor-element elementor-element-b8b2af8\" data-id=\"b8b2af8\" data-element_type=\"column\" data-e-type=\"column\">\n\t\t\t<div class=\"elementor-widget-wrap elementor-element-populated\">\n\t\t\t\t\t\t<div class=\"elementor-element elementor-element-fd92f54 elementor-hidden-mobile elementor-widget elementor-widget-heading\" data-id=\"fd92f54\" data-element_type=\"widget\" data-e-type=\"widget\" data-widget_type=\"heading.default\">\n\t\t\t\t<div class=\"elementor-widget-container\">\n\t\t\t\t\t<h2 class=\"elementor-heading-title elementor-size-default\">SURPASS  EMG\/EP\/IOP<\/h2>\t\t\t\t<\/div>\n\t\t\t\t<\/div>\n\t\t\t\t<div class=\"elementor-element elementor-element-5b25ce3 elementor-widget elementor-widget-text-editor\" data-id=\"5b25ce3\" data-element_type=\"widget\" data-e-type=\"widget\" data-widget_type=\"text-editor.default\">\n\t\t\t\t<div class=\"elementor-widget-container\">\n\t\t\t\t\t\t\t\t\t<p>El Surpass es una estaci\u00f3n de trabajo EMG\/EP\/EEG de 2 a 8 canales completa y f\u00e1cil de usar para uso cl\u00ednico y de investigaci\u00f3n. La unidad de control del estimulador se puede utilizar tanto para la unidad independiente como para la unidad port\u00e1til. La filosof\u00eda de dise\u00f1o modular garantiza flexibilidad y oportunidades de actualizaci\u00f3n con un conjunto completo de opciones de software y hardware. El uso de una plataforma operativa com\u00fan simplifica la operaci\u00f3n, aumenta la productividad y el control de calidad. Nuestro exclusivo m\u00e9todo de promedio ordenado por calidad proporciona pruebas m\u00e1s r\u00e1pidas y ahorra tiempo de registro.<\/p>\t\t\t\t\t\t\t\t<\/div>\n\t\t\t\t<\/div>\n\t\t\t\t\t<\/div>\n\t\t<\/div>\n\t\t\t\t\t<\/div>\n\t\t<\/section>\n\t\t\t\t<section class=\"elementor-section elementor-top-section elementor-element elementor-element-ca29482 elementor-section-boxed elementor-section-height-default elementor-section-height-default wpr-particle-no wpr-jarallax-no wpr-parallax-no wpr-sticky-section-no wpr-equal-height-no\" data-id=\"ca29482\" data-element_type=\"section\" data-e-type=\"section\">\n\t\t\t\t\t\t<div class=\"elementor-container elementor-column-gap-default\">\n\t\t\t\t\t<div class=\"elementor-column elementor-col-100 elementor-top-column elementor-element elementor-element-ef19a2d\" data-id=\"ef19a2d\" data-element_type=\"column\" data-e-type=\"column\">\n\t\t\t<div class=\"elementor-widget-wrap elementor-element-populated\">\n\t\t\t\t\t\t<div class=\"elementor-element elementor-element-20f6234 elementor-widget elementor-widget-spacer\" data-id=\"20f6234\" data-element_type=\"widget\" data-e-type=\"widget\" data-widget_type=\"spacer.default\">\n\t\t\t\t<div class=\"elementor-widget-container\">\n\t\t\t\t\t\t\t<div class=\"elementor-spacer\">\n\t\t\t<div class=\"elementor-spacer-inner\"><\/div>\n\t\t<\/div>\n\t\t\t\t\t\t<\/div>\n\t\t\t\t<\/div>\n\t\t\t\t\t<\/div>\n\t\t<\/div>\n\t\t\t\t\t<\/div>\n\t\t<\/section>\n\t\t\t\t<section class=\"elementor-section elementor-top-section elementor-element elementor-element-4255ed3 elementor-section-boxed elementor-section-height-default elementor-section-height-default wpr-particle-no wpr-jarallax-no wpr-parallax-no wpr-sticky-section-no wpr-equal-height-no\" data-id=\"4255ed3\" data-element_type=\"section\" data-e-type=\"section\">\n\t\t\t\t\t\t<div class=\"elementor-container elementor-column-gap-default\">\n\t\t\t\t\t<div class=\"elementor-column elementor-col-50 elementor-top-column elementor-element elementor-element-d6a4982\" data-id=\"d6a4982\" data-element_type=\"column\" data-e-type=\"column\">\n\t\t\t<div class=\"elementor-widget-wrap elementor-element-populated\">\n\t\t\t\t\t\t<div class=\"elementor-element elementor-element-ac70a87 elementor-hidden-desktop elementor-hidden-tablet elementor-widget elementor-widget-heading\" data-id=\"ac70a87\" data-element_type=\"widget\" data-e-type=\"widget\" data-widget_type=\"heading.default\">\n\t\t\t\t<div class=\"elementor-widget-container\">\n\t\t\t\t\t<h2 class=\"elementor-heading-title elementor-size-default\">SURPASS II EMG\/EP\/IO<\/h2>\t\t\t\t<\/div>\n\t\t\t\t<\/div>\n\t\t\t\t<div class=\"elementor-element elementor-element-de73594 elementor-widget elementor-widget-image\" data-id=\"de73594\" data-element_type=\"widget\" data-e-type=\"widget\" data-widget_type=\"image.default\">\n\t\t\t\t<div class=\"elementor-widget-container\">\n\t\t\t\t\t\t\t\t\t\t\t\t\t\t\t<img decoding=\"async\" width=\"173\" height=\"249\" src=\"https:\/\/i0.wp.com\/pm-consulting.cl\/wp-content\/uploads\/2022\/08\/SURPASS-II.png?fit=173%2C249&amp;ssl=1\" class=\"attachment-large size-large wp-image-3268\" alt=\"\" \/>\t\t\t\t\t\t\t\t\t\t\t\t\t\t\t<\/div>\n\t\t\t\t<\/div>\n\t\t\t\t<div class=\"elementor-element elementor-element-9e95e3d elementor-align-center elementor-widget elementor-widget-button\" data-id=\"9e95e3d\" data-element_type=\"widget\" data-e-type=\"widget\" data-widget_type=\"button.default\">\n\t\t\t\t<div class=\"elementor-widget-container\">\n\t\t\t\t\t\t\t\t\t<div class=\"elementor-button-wrapper\">\n\t\t\t\t\t<a class=\"elementor-button elementor-button-link elementor-size-sm\" href=\"https:\/\/pm-consulting.cl\/inicio\/surpass-ii-emg-ep-iom\/\">\n\t\t\t\t\t\t<span class=\"elementor-button-content-wrapper\">\n\t\t\t\t\t\t<span class=\"elementor-button-icon\">\n\t\t\t\t<i aria-hidden=\"true\" class=\"far fa-arrow-alt-circle-right\"><\/i>\t\t\t<\/span>\n\t\t\t\t\t\t\t\t\t<span class=\"elementor-button-text\">Ver equipo<\/span>\n\t\t\t\t\t<\/span>\n\t\t\t\t\t<\/a>\n\t\t\t\t<\/div>\n\t\t\t\t\t\t\t\t<\/div>\n\t\t\t\t<\/div>\n\t\t\t\t\t<\/div>\n\t\t<\/div>\n\t\t\t\t<div class=\"elementor-column elementor-col-50 elementor-top-column elementor-element elementor-element-4f2a681\" data-id=\"4f2a681\" data-element_type=\"column\" data-e-type=\"column\">\n\t\t\t<div class=\"elementor-widget-wrap elementor-element-populated\">\n\t\t\t\t\t\t<div class=\"elementor-element elementor-element-02d1b5a elementor-hidden-mobile elementor-widget elementor-widget-heading\" data-id=\"02d1b5a\" data-element_type=\"widget\" data-e-type=\"widget\" data-widget_type=\"heading.default\">\n\t\t\t\t<div class=\"elementor-widget-container\">\n\t\t\t\t\t<h2 class=\"elementor-heading-title elementor-size-default\">SURPASS II EMG\/EP\/IOP<\/h2>\t\t\t\t<\/div>\n\t\t\t\t<\/div>\n\t\t\t\t<div class=\"elementor-element elementor-element-0fa0388 elementor-widget elementor-widget-text-editor\" data-id=\"0fa0388\" data-element_type=\"widget\" data-e-type=\"widget\" data-widget_type=\"text-editor.default\">\n\t\t\t\t<div class=\"elementor-widget-container\">\n\t\t\t\t\t\t\t\t\t<p>Surpass II es una innovaci\u00f3n pionera en electromiograf\u00eda cuantitativa, estudios de conducci\u00f3n nerviosa y diagn\u00f3stico de potenciales evocados. Dise\u00f1ado en base a nuestros 30 a\u00f1os de experiencia en neurofisiolog\u00eda, garantiza responsabilidad, rendimiento, calidad y asequibilidad. Surpass II integra la nueva tecnolog\u00eda de hardware con las modalidades revolucionarias y establece un nuevo est\u00e1ndar en electrofisiolog\u00eda. La nueva t\u00e9cnica de promedio QSA reduce su tiempo de grabaci\u00f3n hasta en un 60%. El estimulador multimodal programable totalmente gratuito especialmente dise\u00f1ado se puede utilizar para combinar diferentes est\u00edmulos para aplicaciones AEP, SEP, VEP y ERP. El amplificador digital Surpass II permite grabaciones de alta velocidad y alta calidad y se puede actualizar f\u00e1cilmente hasta 24 canales. Su interfaz USB 2 elimina las interferencias de ruido anal\u00f3gico y garantiza resultados fiables. Las entradas y salidas de disparador integradas de 8 bits proporcionan la base para una estimulaci\u00f3n compleja. Tanto la versi\u00f3n de escritorio como la port\u00e1til se basan en el sistema operativo MS Windows con la base de datos de pacientes MS Access y una funci\u00f3n de informe flexible. El panel de control codificado por colores brinda m\u00e1s eficiencia en su rutina diaria.<\/p>\t\t\t\t\t\t\t\t<\/div>\n\t\t\t\t<\/div>\n\t\t\t\t\t<\/div>\n\t\t<\/div>\n\t\t\t\t\t<\/div>\n\t\t<\/section>\n\t\t\t\t<\/div>\n\t\t","protected":false},"excerpt":{"rendered":"<p>ELECTROMIOGRAFO Y POTENCIALES EVOCADOS SURPASS LT EMG\/EP Ver equipo SURPASS LT EMG\/EP El Surpass LT es una estaci\u00f3n de trabajo EMG\/EP\/EEG de 2 a 4 canales completa y f\u00e1cil de usar para uso cl\u00ednico. Todos los estimuladores est\u00e1n integrados en el amplificador. La filosof\u00eda de dise\u00f1o modular garantiza flexibilidad y oportunidades de actualizaci\u00f3n con un conjunto completo de opciones de software y hardware. La sencilla conexi\u00f3n USB para alimentaci\u00f3n y datos hace que el sistema sea \u00f3ptimo para su uso como estaci\u00f3n de trabajo neurofisiol\u00f3gica port\u00e1til. Nuestro exclusivo m\u00e9todo de promedio ordenado por calidad proporciona pruebas m\u00e1s r\u00e1pidas y ahorra tiempo de registro. SURPASS EMG\/EP\/IO Ver equipo SURPASS EMG\/EP\/IOP El Surpass es una estaci\u00f3n de trabajo EMG\/EP\/EEG de 2 a 8 canales completa y f\u00e1cil de usar para uso cl\u00ednico y de investigaci\u00f3n. La unidad de control del estimulador se puede utilizar tanto para la unidad independiente como para la unidad port\u00e1til. La filosof\u00eda de dise\u00f1o modular garantiza flexibilidad y oportunidades de actualizaci\u00f3n con un conjunto completo de opciones de software y hardware. El uso de una plataforma operativa com\u00fan simplifica la operaci\u00f3n, aumenta la productividad y el control de calidad. Nuestro exclusivo m\u00e9todo de promedio ordenado por calidad proporciona pruebas m\u00e1s r\u00e1pidas y ahorra tiempo de registro. SURPASS II EMG\/EP\/IO Ver equipo SURPASS II EMG\/EP\/IOP Surpass II es una innovaci\u00f3n pionera en electromiograf\u00eda cuantitativa, estudios de conducci\u00f3n nerviosa y diagn\u00f3stico de potenciales evocados. Dise\u00f1ado en base a nuestros 30 a\u00f1os de experiencia en neurofisiolog\u00eda, garantiza responsabilidad, rendimiento, calidad y asequibilidad. Surpass II integra la nueva tecnolog\u00eda de hardware con las modalidades revolucionarias y establece un nuevo est\u00e1ndar en electrofisiolog\u00eda. La nueva t\u00e9cnica de promedio QSA reduce su tiempo de grabaci\u00f3n hasta en un 60%. El estimulador multimodal programable totalmente gratuito especialmente dise\u00f1ado se puede utilizar para combinar diferentes est\u00edmulos para aplicaciones AEP, SEP, VEP y ERP. El amplificador digital Surpass II permite grabaciones de alta velocidad y alta calidad y se puede actualizar f\u00e1cilmente hasta 24 canales. Su interfaz USB 2 elimina las interferencias de ruido anal\u00f3gico y garantiza resultados fiables. Las entradas y salidas de disparador integradas de 8 bits proporcionan la base para una estimulaci\u00f3n compleja. Tanto la versi\u00f3n de escritorio como la port\u00e1til se basan en el sistema operativo MS Windows con la base de datos de pacientes MS Access y una funci\u00f3n de informe flexible. El panel de control codificado por colores brinda m\u00e1s eficiencia en su rutina diaria.<\/p>\n","protected":false},"author":2,"featured_media":0,"parent":0,"menu_order":0,"comment_status":"closed","ping_status":"closed","template":"page-templates\/template-pagebuilder-full-width.php","meta":{"nf_dc_page":"","_monsterinsights_skip_tracking":false,"_monsterinsights_sitenote_active":false,"_monsterinsights_sitenote_note":"","_monsterinsights_sitenote_category":0,"neve_meta_sidebar":"","neve_meta_container":"","neve_meta_enable_content_width":"","neve_meta_content_width":0,"neve_meta_title_alignment":"","neve_meta_author_avatar":"","neve_post_elements_order":"","neve_meta_disable_header":"","neve_meta_disable_footer":"","neve_meta_disable_title":"","footnotes":""},"class_list":["post-3244","page","type-page","status-publish","hentry"],"jetpack_sharing_enabled":true,"_links":{"self":[{"href":"https:\/\/pm-consulting.cl\/inicio\/wp-json\/wp\/v2\/pages\/3244","targetHints":{"allow":["GET"]}}],"collection":[{"href":"https:\/\/pm-consulting.cl\/inicio\/wp-json\/wp\/v2\/pages"}],"about":[{"href":"https:\/\/pm-consulting.cl\/inicio\/wp-json\/wp\/v2\/types\/page"}],"author":[{"embeddable":true,"href":"https:\/\/pm-consulting.cl\/inicio\/wp-json\/wp\/v2\/users\/2"}],"replies":[{"embeddable":true,"href":"https:\/\/pm-consulting.cl\/inicio\/wp-json\/wp\/v2\/comments?post=3244"}],"version-history":[{"count":34,"href":"https:\/\/pm-consulting.cl\/inicio\/wp-json\/wp\/v2\/pages\/3244\/revisions"}],"predecessor-version":[{"id":3336,"href":"https:\/\/pm-consulting.cl\/inicio\/wp-json\/wp\/v2\/pages\/3244\/revisions\/3336"}],"wp:attachment":[{"href":"https:\/\/pm-consulting.cl\/inicio\/wp-json\/wp\/v2\/media?parent=3244"}],"curies":[{"name":"wp","href":"https:\/\/api.w.org\/{rel}","templated":true}]}}