{"id":3341,"date":"2022-08-26T17:38:09","date_gmt":"2022-08-26T21:38:09","guid":{"rendered":"https:\/\/pm-consulting.cl\/inicio\/?page_id=3341"},"modified":"2022-08-26T20:27:38","modified_gmt":"2022-08-27T00:27:38","slug":"angelie","status":"publish","type":"page","link":"https:\/\/pm-consulting.cl\/inicio\/angelie\/","title":{"rendered":"ANGELIE"},"content":{"rendered":"\t\t<div data-elementor-type=\"wp-page\" data-elementor-id=\"3341\" class=\"elementor elementor-3341\">\n\t\t\t\t\t\t<section class=\"elementor-section elementor-top-section elementor-element elementor-element-c38ab50 elementor-section-boxed elementor-section-height-default elementor-section-height-default wpr-particle-no wpr-jarallax-no wpr-parallax-no wpr-sticky-section-no wpr-equal-height-no\" data-id=\"c38ab50\" data-element_type=\"section\" data-e-type=\"section\">\n\t\t\t\t\t\t<div class=\"elementor-container elementor-column-gap-default\">\n\t\t\t\t\t<div class=\"elementor-column elementor-col-100 elementor-top-column elementor-element elementor-element-eed625f\" data-id=\"eed625f\" data-element_type=\"column\" data-e-type=\"column\">\n\t\t\t<div class=\"elementor-widget-wrap elementor-element-populated\">\n\t\t\t\t\t\t<div class=\"elementor-element elementor-element-762caba elementor-align-center elementor-widget elementor-widget-button\" data-id=\"762caba\" data-element_type=\"widget\" data-e-type=\"widget\" data-widget_type=\"button.default\">\n\t\t\t\t<div class=\"elementor-widget-container\">\n\t\t\t\t\t\t\t\t\t<div class=\"elementor-button-wrapper\">\n\t\t\t\t\t<a class=\"elementor-button elementor-button-link elementor-size-sm elementor-animation-grow\" href=\"#\" target=\"_blank\">\n\t\t\t\t\t\t<span class=\"elementor-button-content-wrapper\">\n\t\t\t\t\t\t\t\t\t<span class=\"elementor-button-text\">Ver Cat\u00e1logo<\/span>\n\t\t\t\t\t<\/span>\n\t\t\t\t\t<\/a>\n\t\t\t\t<\/div>\n\t\t\t\t\t\t\t\t<\/div>\n\t\t\t\t<\/div>\n\t\t\t\t\t<\/div>\n\t\t<\/div>\n\t\t\t\t\t<\/div>\n\t\t<\/section>\n\t\t\t\t<section class=\"elementor-section elementor-top-section elementor-element elementor-element-8f26b02 elementor-section-boxed elementor-section-height-default elementor-section-height-default wpr-particle-no wpr-jarallax-no wpr-parallax-no wpr-sticky-section-no wpr-equal-height-no\" data-id=\"8f26b02\" data-element_type=\"section\" data-e-type=\"section\">\n\t\t\t\t\t\t<div class=\"elementor-container elementor-column-gap-default\">\n\t\t\t\t\t<div class=\"elementor-column elementor-col-50 elementor-top-column elementor-element elementor-element-5d837c0\" data-id=\"5d837c0\" data-element_type=\"column\" data-e-type=\"column\">\n\t\t\t<div class=\"elementor-widget-wrap elementor-element-populated\">\n\t\t\t\t\t\t<div class=\"elementor-element elementor-element-4934fc5 elementor-widget elementor-widget-image\" data-id=\"4934fc5\" data-element_type=\"widget\" data-e-type=\"widget\" data-widget_type=\"image.default\">\n\t\t\t\t<div class=\"elementor-widget-container\">\n\t\t\t\t\t\t\t\t\t\t\t\t\t\t\t<img fetchpriority=\"high\" decoding=\"async\" width=\"314\" height=\"800\" src=\"https:\/\/i0.wp.com\/pm-consulting.cl\/wp-content\/uploads\/2022\/08\/ANGELIE.jpg?fit=314%2C800&amp;ssl=1\" class=\"attachment-large size-large wp-image-3351\" alt=\"\" srcset=\"https:\/\/i0.wp.com\/pm-consulting.cl\/wp-content\/uploads\/2022\/08\/ANGELIE.jpg?w=314&amp;ssl=1 314w, https:\/\/i0.wp.com\/pm-consulting.cl\/wp-content\/uploads\/2022\/08\/ANGELIE.jpg?resize=118%2C300&amp;ssl=1 118w\" sizes=\"(max-width: 314px) 100vw, 314px\" \/>\t\t\t\t\t\t\t\t\t\t\t\t\t\t\t<\/div>\n\t\t\t\t<\/div>\n\t\t\t\t\t<\/div>\n\t\t<\/div>\n\t\t\t\t<div class=\"elementor-column elementor-col-50 elementor-top-column elementor-element elementor-element-6e8bf0b\" data-id=\"6e8bf0b\" data-element_type=\"column\" data-e-type=\"column\">\n\t\t\t<div class=\"elementor-widget-wrap elementor-element-populated\">\n\t\t\t\t\t\t<div class=\"elementor-element elementor-element-cb4bf59 elementor-widget elementor-widget-heading\" data-id=\"cb4bf59\" data-element_type=\"widget\" data-e-type=\"widget\" data-widget_type=\"heading.default\">\n\t\t\t\t<div class=\"elementor-widget-container\">\n\t\t\t\t\t<h2 class=\"elementor-heading-title elementor-size-default\">ANGELIE EIS<\/h2>\t\t\t\t<\/div>\n\t\t\t\t<\/div>\n\t\t\t\t<div class=\"elementor-element elementor-element-57bda3b elementor-widget elementor-widget-text-editor\" data-id=\"57bda3b\" data-element_type=\"widget\" data-e-type=\"widget\" data-widget_type=\"text-editor.default\">\n\t\t\t\t<div class=\"elementor-widget-container\">\n\t\t\t\t\t\t\t\t\t<p>La innovaci\u00f3n pionera en la monitorizaci\u00f3n de la impedancia en los cuatro cuadrantes del pulm\u00f3n.<\/p><p><span style=\"background-color: var(--nv-site-bg); color: var(--nv-text-color); font-family: var(--bodyfontfamily),var(--nv-fallback-ff); font-size: var(--bodyfontsize); font-weight: var(--bodyfontweight); letter-spacing: var(--bodyletterspacing); text-transform: var(--bodytexttransform);\">Angelie EIS mejora la calidad de la atenci\u00f3n en neonatolog\u00eda moderna, cuidados intensivos pedi\u00e1tricos y de adultos. El sistema Angelie EIS es una gran herramienta de apoyo para el manejo respiratorio, especialmente dise\u00f1ado para uso cl\u00ednico. Supervisa la impedancia en los cuatro cuadrantes del pulm\u00f3n y muestra los cambios en forma de formas de onda, tendencias, gr\u00e1ficos y par\u00e1metros.<\/span><\/p><p>El Angelie EIS se puede utilizar para detectar falta de homogeneidad entre los pulmones y sus segmentos y para monitorear la distribuci\u00f3n REGIONAL del aire y las cantidades de vol\u00famenes corrientes regionales. Se puede aplicar en todos los pacientes desde reci\u00e9n nacidos hasta adultos, en todos los pacientes, donde el sistema respiratorio est\u00e9 involucrado; ya sea en respiraci\u00f3n espont\u00e1nea o pacientes ventilados.<\/p>\t\t\t\t\t\t\t\t<\/div>\n\t\t\t\t<\/div>\n\t\t\t\t<div class=\"elementor-element elementor-element-7850df0 elementor-widget elementor-widget-text-editor\" data-id=\"7850df0\" data-element_type=\"widget\" data-e-type=\"widget\" data-widget_type=\"text-editor.default\">\n\t\t\t\t<div class=\"elementor-widget-container\">\n\t\t\t\t\t\t\t\t\t<ul><li>Caracter\u00edsticas y ventajas:<\/li><\/ul><div>\u00a0<\/div><ul><li>Monitoreo en tiempo real de la distribuci\u00f3n de aire a los cuatro cuadrantes pulmonares<\/li><li>Aplicaci\u00f3n eficiente, r\u00e1pida y f\u00e1cil<\/li><li>Solo se necesitan unos pocos electrodos.<\/li><li>Control de pantalla t\u00e1ctil<\/li><li>Medici\u00f3n sin radiaci\u00f3n y no invasiva<\/li><li>Satisface las necesidades cl\u00ednicas de rutina y avanzadas<\/li><li>Proporciona flexibilidad para entornos de investigaci\u00f3n.<\/li><\/ul>\t\t\t\t\t\t\t\t<\/div>\n\t\t\t\t<\/div>\n\t\t\t\t\t<\/div>\n\t\t<\/div>\n\t\t\t\t\t<\/div>\n\t\t<\/section>\n\t\t\t\t<section class=\"elementor-section elementor-top-section elementor-element elementor-element-46d41f6 elementor-section-boxed elementor-section-height-default elementor-section-height-default wpr-particle-no wpr-jarallax-no wpr-parallax-no wpr-sticky-section-no wpr-equal-height-no\" data-id=\"46d41f6\" data-element_type=\"section\" data-e-type=\"section\">\n\t\t\t\t\t\t<div class=\"elementor-container elementor-column-gap-default\">\n\t\t\t\t\t<div class=\"elementor-column elementor-col-100 elementor-top-column elementor-element elementor-element-278a745\" data-id=\"278a745\" data-element_type=\"column\" data-e-type=\"column\">\n\t\t\t<div class=\"elementor-widget-wrap elementor-element-populated\">\n\t\t\t\t\t\t<div class=\"elementor-element elementor-element-f1a76d5 elementor-widget elementor-widget-text-editor\" data-id=\"f1a76d5\" data-element_type=\"widget\" data-e-type=\"widget\" data-widget_type=\"text-editor.default\">\n\t\t\t\t<div class=\"elementor-widget-container\">\n\t\t\t\t\t\t\t\t\t<p>Monitoreo continuo no invasivo:<br><span style=\"background-color: var(--nv-site-bg); color: var(--nv-text-color); font-family: var(--bodyfontfamily),var(--nv-fallback-ff); font-size: var(--bodyfontsize); font-weight: var(--bodyfontweight); letter-spacing: var(--bodyletterspacing); text-transform: var(--bodytexttransform);\"><br>Para medir la impedancia en diferentes segmentos del pulm\u00f3n (EIS), solo se necesitan unos pocos electrodos. Se proporciona informaci\u00f3n adecuada sobre la distribuci\u00f3n del aire en los cuatro cuadrantes del pulm\u00f3n. La se\u00f1al no solo contiene informaci\u00f3n sobre la distribuci\u00f3n del volumen corriente en cada cuadrante (impedancia corriente segmentaria y total), sino tambi\u00e9n sobre el contenido total de aire en el pulm\u00f3n (impedancia residual segmentaria y total).&nbsp;<\/span><span style=\"background-color: var(--nv-site-bg); color: var(--nv-text-color); font-family: var(--bodyfontfamily),var(--nv-fallback-ff); font-size: var(--bodyfontsize); font-weight: var(--bodyfontweight); letter-spacing: var(--bodyletterspacing); text-transform: var(--bodytexttransform);\">La segmentograf\u00eda de impedancia el\u00e9ctrica es una excelente herramienta para monitorear el reclutamiento de diferentes \u00e1reas pulmonares.&nbsp;<\/span><span style=\"background-color: var(--nv-site-bg); color: var(--nv-text-color); font-family: var(--bodyfontfamily),var(--nv-fallback-ff); font-size: var(--bodyfontsize); font-weight: var(--bodyfontweight); letter-spacing: var(--bodyletterspacing); text-transform: var(--bodytexttransform);\">La medici\u00f3n de la impedancia residual permite una buena monitorizaci\u00f3n del efecto de cambiar la presi\u00f3n media de las v\u00edas respiratorias sobre el reclutamiento pulmonar.<\/span><\/p>\t\t\t\t\t\t\t\t<\/div>\n\t\t\t\t<\/div>\n\t\t\t\t\t<\/div>\n\t\t<\/div>\n\t\t\t\t\t<\/div>\n\t\t<\/section>\n\t\t\t\t<section class=\"elementor-section elementor-top-section elementor-element elementor-element-577c674 elementor-section-boxed elementor-section-height-default elementor-section-height-default wpr-particle-no wpr-jarallax-no wpr-parallax-no wpr-sticky-section-no wpr-equal-height-no\" data-id=\"577c674\" data-element_type=\"section\" data-e-type=\"section\">\n\t\t\t\t\t\t<div class=\"elementor-container elementor-column-gap-default\">\n\t\t\t\t\t<div class=\"elementor-column elementor-col-50 elementor-top-column elementor-element elementor-element-afb3942\" data-id=\"afb3942\" data-element_type=\"column\" data-e-type=\"column\">\n\t\t\t<div class=\"elementor-widget-wrap elementor-element-populated\">\n\t\t\t\t\t\t<div class=\"elementor-element elementor-element-2de18ba elementor-widget elementor-widget-image\" data-id=\"2de18ba\" data-element_type=\"widget\" data-e-type=\"widget\" data-widget_type=\"image.default\">\n\t\t\t\t<div class=\"elementor-widget-container\">\n\t\t\t\t\t\t\t\t\t\t\t\t\t\t\t<img decoding=\"async\" width=\"579\" height=\"449\" src=\"https:\/\/i0.wp.com\/pm-consulting.cl\/wp-content\/uploads\/2022\/08\/ANGELIE-IM1.png?fit=579%2C449&amp;ssl=1\" class=\"attachment-large size-large wp-image-3361\" alt=\"\" srcset=\"https:\/\/i0.wp.com\/pm-consulting.cl\/wp-content\/uploads\/2022\/08\/ANGELIE-IM1.png?w=579&amp;ssl=1 579w, https:\/\/i0.wp.com\/pm-consulting.cl\/wp-content\/uploads\/2022\/08\/ANGELIE-IM1.png?resize=300%2C233&amp;ssl=1 300w\" sizes=\"(max-width: 579px) 100vw, 579px\" \/>\t\t\t\t\t\t\t\t\t\t\t\t\t\t\t<\/div>\n\t\t\t\t<\/div>\n\t\t\t\t\t<\/div>\n\t\t<\/div>\n\t\t\t\t<div class=\"elementor-column elementor-col-50 elementor-top-column elementor-element elementor-element-d5c1aa6\" data-id=\"d5c1aa6\" data-element_type=\"column\" data-e-type=\"column\">\n\t\t\t<div class=\"elementor-widget-wrap elementor-element-populated\">\n\t\t\t\t\t\t<div class=\"elementor-element elementor-element-33abe7f elementor-widget elementor-widget-image\" data-id=\"33abe7f\" data-element_type=\"widget\" data-e-type=\"widget\" data-widget_type=\"image.default\">\n\t\t\t\t<div class=\"elementor-widget-container\">\n\t\t\t\t\t\t\t\t\t\t\t\t\t\t\t<img decoding=\"async\" width=\"581\" height=\"390\" src=\"https:\/\/i0.wp.com\/pm-consulting.cl\/wp-content\/uploads\/2022\/08\/ANGELIE-IM2.png?fit=581%2C390&amp;ssl=1\" class=\"attachment-large size-large wp-image-3362\" alt=\"\" srcset=\"https:\/\/i0.wp.com\/pm-consulting.cl\/wp-content\/uploads\/2022\/08\/ANGELIE-IM2.png?w=581&amp;ssl=1 581w, https:\/\/i0.wp.com\/pm-consulting.cl\/wp-content\/uploads\/2022\/08\/ANGELIE-IM2.png?resize=300%2C201&amp;ssl=1 300w\" sizes=\"(max-width: 581px) 100vw, 581px\" \/>\t\t\t\t\t\t\t\t\t\t\t\t\t\t\t<\/div>\n\t\t\t\t<\/div>\n\t\t\t\t\t<\/div>\n\t\t<\/div>\n\t\t\t\t\t<\/div>\n\t\t<\/section>\n\t\t\t\t<section class=\"elementor-section elementor-top-section elementor-element elementor-element-b3924a2 elementor-section-boxed elementor-section-height-default elementor-section-height-default wpr-particle-no wpr-jarallax-no wpr-parallax-no wpr-sticky-section-no wpr-equal-height-no\" data-id=\"b3924a2\" data-element_type=\"section\" data-e-type=\"section\">\n\t\t\t\t\t\t<div class=\"elementor-container elementor-column-gap-default\">\n\t\t\t\t\t<div class=\"elementor-column elementor-col-100 elementor-top-column elementor-element elementor-element-b598108\" data-id=\"b598108\" data-element_type=\"column\" data-e-type=\"column\">\n\t\t\t<div class=\"elementor-widget-wrap elementor-element-populated\">\n\t\t\t\t\t\t<div class=\"elementor-element elementor-element-91cca60 elementor-widget elementor-widget-spacer\" data-id=\"91cca60\" data-element_type=\"widget\" data-e-type=\"widget\" data-widget_type=\"spacer.default\">\n\t\t\t\t<div class=\"elementor-widget-container\">\n\t\t\t\t\t\t\t<div class=\"elementor-spacer\">\n\t\t\t<div class=\"elementor-spacer-inner\"><\/div>\n\t\t<\/div>\n\t\t\t\t\t\t<\/div>\n\t\t\t\t<\/div>\n\t\t\t\t\t<\/div>\n\t\t<\/div>\n\t\t\t\t\t<\/div>\n\t\t<\/section>\n\t\t\t\t<\/div>\n\t\t","protected":false},"excerpt":{"rendered":"<p>Ver Cat\u00e1logo ANGELIE EIS La innovaci\u00f3n pionera en la monitorizaci\u00f3n de la impedancia en los cuatro cuadrantes del pulm\u00f3n. Angelie EIS mejora la calidad de la atenci\u00f3n en neonatolog\u00eda moderna, cuidados intensivos pedi\u00e1tricos y de adultos. El sistema Angelie EIS es una gran herramienta de apoyo para el manejo respiratorio, especialmente dise\u00f1ado para uso cl\u00ednico. Supervisa la impedancia en los cuatro cuadrantes del pulm\u00f3n y muestra los cambios en forma de formas de onda, tendencias, gr\u00e1ficos y par\u00e1metros. El Angelie EIS se puede utilizar para detectar falta de homogeneidad entre los pulmones y sus segmentos y para monitorear la distribuci\u00f3n REGIONAL del aire y las cantidades de vol\u00famenes corrientes regionales. Se puede aplicar en todos los pacientes desde reci\u00e9n nacidos hasta adultos, en todos los pacientes, donde el sistema respiratorio est\u00e9 involucrado; ya sea en respiraci\u00f3n espont\u00e1nea o pacientes ventilados. Caracter\u00edsticas y ventajas: \u00a0 Monitoreo en tiempo real de la distribuci\u00f3n de aire a los cuatro cuadrantes pulmonares Aplicaci\u00f3n eficiente, r\u00e1pida y f\u00e1cil Solo se necesitan unos pocos electrodos. Control de pantalla t\u00e1ctil Medici\u00f3n sin radiaci\u00f3n y no invasiva Satisface las necesidades cl\u00ednicas de rutina y avanzadas Proporciona flexibilidad para entornos de investigaci\u00f3n. Monitoreo continuo no invasivo: Para medir la impedancia en diferentes segmentos del pulm\u00f3n (EIS), solo se necesitan unos pocos electrodos. Se proporciona informaci\u00f3n adecuada sobre la distribuci\u00f3n del aire en los cuatro cuadrantes del pulm\u00f3n. La se\u00f1al no solo contiene informaci\u00f3n sobre la distribuci\u00f3n del volumen corriente en cada cuadrante (impedancia corriente segmentaria y total), sino tambi\u00e9n sobre el contenido total de aire en el pulm\u00f3n (impedancia residual segmentaria y total).&nbsp;La segmentograf\u00eda de impedancia el\u00e9ctrica es una excelente herramienta para monitorear el reclutamiento de diferentes \u00e1reas pulmonares.&nbsp;La medici\u00f3n de la impedancia residual permite una buena monitorizaci\u00f3n del efecto de cambiar la presi\u00f3n media de las v\u00edas respiratorias sobre el reclutamiento pulmonar.<\/p>\n","protected":false},"author":2,"featured_media":0,"parent":0,"menu_order":0,"comment_status":"closed","ping_status":"closed","template":"page-templates\/template-pagebuilder-full-width.php","meta":{"nf_dc_page":"","_monsterinsights_skip_tracking":false,"_monsterinsights_sitenote_active":false,"_monsterinsights_sitenote_note":"","_monsterinsights_sitenote_category":0,"neve_meta_sidebar":"","neve_meta_container":"","neve_meta_enable_content_width":"","neve_meta_content_width":0,"neve_meta_title_alignment":"","neve_meta_author_avatar":"","neve_post_elements_order":"","neve_meta_disable_header":"","neve_meta_disable_footer":"","neve_meta_disable_title":"","footnotes":""},"class_list":["post-3341","page","type-page","status-publish","hentry"],"jetpack_sharing_enabled":true,"_links":{"self":[{"href":"https:\/\/pm-consulting.cl\/inicio\/wp-json\/wp\/v2\/pages\/3341","targetHints":{"allow":["GET"]}}],"collection":[{"href":"https:\/\/pm-consulting.cl\/inicio\/wp-json\/wp\/v2\/pages"}],"about":[{"href":"https:\/\/pm-consulting.cl\/inicio\/wp-json\/wp\/v2\/types\/page"}],"author":[{"embeddable":true,"href":"https:\/\/pm-consulting.cl\/inicio\/wp-json\/wp\/v2\/users\/2"}],"replies":[{"embeddable":true,"href":"https:\/\/pm-consulting.cl\/inicio\/wp-json\/wp\/v2\/comments?post=3341"}],"version-history":[{"count":31,"href":"https:\/\/pm-consulting.cl\/inicio\/wp-json\/wp\/v2\/pages\/3341\/revisions"}],"predecessor-version":[{"id":3523,"href":"https:\/\/pm-consulting.cl\/inicio\/wp-json\/wp\/v2\/pages\/3341\/revisions\/3523"}],"wp:attachment":[{"href":"https:\/\/pm-consulting.cl\/inicio\/wp-json\/wp\/v2\/media?parent=3341"}],"curies":[{"name":"wp","href":"https:\/\/api.w.org\/{rel}","templated":true}]}}